value of (-6 - 107 - -3) + (-727 - -758)?
-79
Calculate 12 + 2 + -43 + (-32 - -80) + -10.
9
Evaluate 40 - (0 - (-4 - (-26 + 12) - (1 - -15))).
34
9 - 4 - (3 + -4) - (0 + -1 + 82)
-75
Evaluate -13 - ((-24 - -10) + 14 - -2).
-15
-4 + -2 - (67 + -72 + 1 + -5 - -6)
-3
Evaluate -20 + 23 + (58 - 5) - 21.
35
Evaluate 30 - 20 - -9 - 5 - -1.
15
Calculate 34 + -37 + (-26 + -10 - -8).
-31
Calculate (65 - -10) + (15 - (56 - 31)).
65
Evaluate -62 + (82 - 64 - (0 + -1)).
-43
Evaluate -4 - -6 - 0 - (37 + 3 + -30).
-8
7 + -2 + (0 - 100) + 116
21
What is -3 - ((16 - 5) + (-5 - 3)) - -40?
34
Evaluate (98 - 42) + -109 + 10.
-43
Calculate (126 + 0 + -1 - (196 - 198)) + (-7 - -5).
125
Calculate (-55 - 23 - -7) + -5.
-76
-18 + 63 + 6 + -16 - -32
67
What is -87 + 0 + (72 - -39)?
24
0 - (0 - -5) - (1 - ((4 - 5) + -2))
-9
Evaluate (109 - 163) + (6 - -2) + 4.
-42
What is the value of -21 + 124 + -13 + -110?
-20
Calculate -2 - -8 - ((10 - -5) + -6 + 13).
-16
11 + (-5 - -6) + -6 + 1 + 102 + -72
37
What is the value of (-13 - -26 - (-2 + 10)) + -4 - -6 - -77?
84
Calculate 6 + -1 - (-362 - -595 - 262).
34
What is the value of (7 - 0) + -14 + 1 + -194 + 212?
12
-1025 - -1103 - (-1 + 17 - 3)
65
-10 - (41 - 72) - (-40 - -1)
60
Evaluate 68 - (20 + 30) - 42.
-24
76 + -102 - (-64 + 0)
38
115 + -61 - (-8 + 12)
50
Calculate 6 + -4 - (39 - (20 - -17)).
0
What is -12 - -71 - ((16 - 5) + (-8 - -1))?
55
Evaluate (-1 - -43) + 55 + -132 + -40.
-75
What is the value of -13 - (7 + -33) - (11 + -13 - (-73 - 1))?
-59
-3 + -8 - (13 - (6 - (-52 + 33)))
1
4 + 1 + 90 + -111 + 10 - (125 - 1)
-130
Calculate -1 + 44 - (191 + -153 - 10).
15
(-10 - (-94 - -41)) + -55
-12
Calculate -44 - (-86 - -43 - 14).
13
What is (-101 - -42) + 44 + (50 - -12)?
47
Calculate (-8 - (-33 - -32 - (1 + 4)) - -14) + -6.
6
What is 0 + -21 + 7 + -10 + -1 + -142 + 276?
109
What is -3 + (1 - -2) + (1 - (70 + -59))?
-10
What is the value of (-3 - -9) + -15 + (-55 - -24)?
-40
Calculate -9 + (404 - 371) + 0 + 13.
37
Evaluate 136 - (145 + -191 + 90).
92
What is the value of 83 + (-65 - (-46 - -41))?
23
Evaluate -34 + (24 - -8) + (2 - 0) + -1.
-1
Evaluate 124 + -8 + (59 - 158).
17
Evaluate (6 - (34 - 32)) + -17 + 57.
44
What is the value of 13 - ((-56 - 1) + (-139 - -150))?
59
What is the value of (100 + -2 - 191) + 107?
14
Evaluate ((18 - -12) + -28 - (1 + (-1 - 1))) + 8.
11
What is the value of -2 + -40 + -10 + 11 + 25 + -61 + 31?
-46
Calculate (-1 - (-2 + 0)) + (41 - -3) + -4 + 6.
47
What is the value of -87 - -6 - -65 - (42 + (0 - 3))?
-55
Evaluate (48 - (215 - 92)) + (8 - 3).
-70
Calculate 78 - (-30 - -28) - 82.
-2
Calculate -22 + (-4 - (4 + -16)) + 57.
43
Calculate (32280 - 32299) + -25 + (0 - 0).
-44
(-1 - -28 - 27) + 32
32
Calculate (14 - 6 - 167 - (-8 - 6)) + (-2 - 1).
-148
What is the value of -8 + (1 - -21 - (297 + -298))?
15
What is the value of 3 + (0 - (10 + -19 - -14 - -17))?
-19
Calculate (42 + -12 - 23) + (-28 - -4).
-17
What is the value of 166 + (13 - (173 + -104))?
110
Evaluate -6 - (-23 - (-37 + 0)).
-20
(-779 - -745) + (112 - -5) + -7
76
What is the value of (0 + -2 - ((11 - (14 + 1)) + 11)) + -67?
-76
Evaluate (-1 - 25) + (21591 - 21671).
-106
Evaluate (-104 - 1) + (-24 - (103 + -162)).
-70
Evaluate (36 - ((8 - 4) + 5 + 1)) + (6 - 2).
30
Calculate -28 - -31 - 55 - -29.
-23
(-205 - (-25 + -168)) + (-2 - 109)
-123
Evaluate (2 - (-4 + -6 + 9 - -8)) + 54 + 10.
59
What is (-93 - (-93 - -41)) + 38?
-3
Calculate -52 + (-10 - 39) + 82.
-19
Evaluate 15 + -7 + -1 + -10 + 59.
56
What is the value of (-2 - ((2 - (-1 - -3)) + 0)) + (7268 - 7263)?
3
Evaluate 16 + (-5 - -27 - (-36 + 1 + 200)).
-127
Evaluate 67 + -96 - 76 - (-44 + 6).
-67
What is the value of -5 + (2 - 1) + -37 + 40 + 10 - 53?
-44
What is -79 + 1 - ((-105 - -10) + 70)?
-53
Evaluate -41 - (17 - (49 - -34)).
25
Evaluate -19 - (22 - 25) - 10 - 19.
-45
Evaluate -83 - (56 - 35 - 56).
-48
Calculate 4 + 1 + (1 - -5) - (-31 + 34 + -82).
90
(-13 + (3 - 0) - (-120 - -106)) + 37 + 0
41
((1 - 0) + 34 + -41 + -3 - 24) + -7
-40
-18725 + 18752 - (54 + 0)
-27
Calculate -11 - (9 + (-14 - (3 - (8 + -5)))) - 5.
-11
(66 - (6 - (7 + -3))) + 295 + -312
47
What is 45 + (176 - 70 - 251)?
-100
Evaluate -9 - (-53 + (-38 - -86)).
-4
Evaluate 13 + -36 - (23 + -7 - 8).
-31
Calculate -35 + 11 + 15 + (13 - 7) + -39.
-42
Evaluate -38 - (35 + -66) - (38 + (-8 - -9)).
-46
What is the value of (-11 - -11) + -16 + -5 + 102 + 5?
86
Evaluate (23 + -15 + 10 - (6 - -144)) + 8.
-124
What is 2 + (-1 + 14 - (134 - 126)) + 4?
11
Calculate 39 - ((-70 - -49) + 68).
-8
What is 420 + -471 - (-6 - -6 - -1 - 1 - 5)?
-46
What is the value of (-1028 - -1027 - (2 - (-15 - (-1 + 3)))) + -5?
-25
-118 - (-3 + (4 - 37))
-82
31 - (107 + -25) - (-5 - 18)
-28
Calculate -41 - (-62 + 22) - ((-4 - 0) + -79).
82
-4 - -2 - (49 - 6 - 38) - 23
-30
Calculate 8 + 1 - (8 + 13 + (-20 - 0)) - 8.
0
Calculate 6 + (-26 - -16 - -69) - (4 - (0 + 8)).
69
-35 + (-95 - -123) - (0 + 0 + 6 - 2)
-11
-29 + -38 + -16 - -42
-41
12 + (726 + -739 - ((8 - 1) + -1)) - 14
-21
What is the value of -94 + (-4 + 19 - (1 - (-23 - (-5 + -6))))?
-92
What is the value of 86 - (-39 + 116 + -31)?
40
What is 5 + -26 - (-34 - (-86 - -39))?
-34
(-16 - (-11 + -3) - -11) + -11 - -12
10
Calculate 8 - 10 - 0 - 11 - (7 - 17) - -6.
3
What is the value of 53 - (-5 + 10) - (-10 + 17 + -11) - -6?
58
What is -44 - (53 + -82 + 26)?
-41
-27 - ((15 - (0 + 1)) + (-41 - (-64 + 30)))
-34
Evaluate -36 + -2 + -761 + 823 - 36.
-12
Calculate 37 + (-3 + 6 - (35 - 19 - 1)).
25
What is (317 - 312) + ((-5 - -18) + -10 - (1 + 61))?
-54
Evaluate 0 + -11 - (-68 - (-35 + 42 + 0 + 6)).
70
What is 14 - (4 + 23) - (-10 + 38 - 7)?
-34
Calculate ((2 - 8) + 5 - -50) + (14 - 30 - -6).
39
Calculate -22 - (22 + -16 + -94) - (18 - 4).
52
2 - 88 - -4 - (-83 - -71)
-70
-7 + 8 + -3 + 16 + -20
-6
Evaluate -3 - (3 - (-6 + -17)) - -59.
30
(0 - 23) + 0 + (21132 - 21200)
-91
Calculate 17 - (53 + -40) - (-4 - 13).
21
What is the value of 74 + -1 + (-2 - (3 - 1)) + (70 - 71)?
68
-60 + (-104 - -7) + 107
-50
What is the value of (0 - 38) + 89 + (268 - 362)?
-43
8 + 0 + -1579 + 1587 - -17
33
What is 8661 + -8656 + (0 - ((1 - 1) + 40))?
-35
What is -72 + -85 + 312 + -101?
54
Evaluate 92 - ((289 - 92) + -25).
-80
Calculate -24 + (-100 - 4 - (-40 + (2 - -21))).
-111
-6863 + 6940 + ((1 - -2) + 0 - 0)
80
Calculate (29 - (112 - 95)) + -39 + -3.
-30
-142 + -56 + 219 - (1 + 58)
-38
What is the value of (-16 - (1 + -3)) + 115 + -112?
-11
Evaluate (92 + -114 - (21 - 3)) + -92.
-132
Evaluate -34 + -17 + (-15 - -3 - -17) - (2 - 10).
-38
Calculate (34 - (15 - 14)) + -87 + 32.
-22
What is the value of 28 + (12 + -13 - -5) - 97?
-65
Evaluate (-238 - -107) + 42 + 21.
-68
Evaluate (4 - (34 + -11)) + (160 - 69) + -13 + 2.
61
What is the value of 65 + -163 + 41 + 0 + 21?
-36
Calculate 0 - -1 - 13 - (23 + (-30 - -36)).
-41
Evaluate 20 + 4 - (-5 + 1 - (46 + (18 - 61))).
31
Calculate 93 + -285 + 61 + 33.
-98
What is -31 + -29 + -6 + 19?
-47
What is -21 - (97 + -65 + -24)?
-29
Calculate -1 + -11 + -1 - (6 + -41 + (27 - -4)).
-9
(-11 - (-22 - (-3 + 0) - -3)) + -88 + 1
-82
What is the value of 32 + -12 + 10 + -75?
-45
What is the value of (-104 - -19) + (90 - 44)?
-39
(11 - -19) + -12 + -28
-10
Evaluate (791 - 672) + (-4 - 20).
95
What is the value of 24 - 5 - (14 - (8 + (6 - 12)))?
7
Evaluate (0 - 28 - -50) + -3.
19
What is the value of -8 + (-1 - -14) + -17 + 15 - -10?
13
-3 + -11 + (-5 + 11 - -122 - (1 + -4))
117
What is (92 - (-213 + 236)) + 9 + 1?
79
What is -125 - (-102 + (5 - -84))?
-112
(-12 - -1) + 32 + (25 - 36) + -16 + -10
-16
What is the value of (3 - 3) + -5 + (351 - 376) - -4?
-26
38 + -41 - -10 - -31
38
What is (1493 - 1373) + -3 + -4?
113
What is the value of -15 + 1 - ((-37 + 10 - -63) + 22)?
-72
19 + 6 - (46 + -20) - ((2 - -103) + -4)
-102
Calculate -7 - (-13 - (10 + -65 - -25)).
-24
Calculate -14 + 107 - 97 - -109.
105
Evaluate 69 + -9 + (-10 + 3 + 34 - 15).
72
What is the value of -3 + -3 + 112 + -200 + 17?
-77
What is the value of (-1032 - -997) + 46 + 3?
14
Calculate 104 - (128 - 126) - -22.
124
Calculate 9 - -1 - (1408 - 1422 - (2 + -80 + 1)).
-53
What is the value of (-5 + 40 - 58) + -3 + 14?
-12
-67 + -9 + 87 + 8
19
What is the value of (16 - 0) + (2 + -27 - (101 + (-167 - -88)))?
-31
What is 320 - 316